e 0*f - 87 = 3*f - 5*k, -2*k + 145 = -5*f. Let v(p) = p**3 + 5*p**2 + 3*p - 6. Let a be v(-5). Let g = a - f. What is the units digit of g?
8
Let f be (-1)/(-4) + (-2)/8. Suppose f = 4*h - 42 - 30. What is the tens digit of h?
1
Let q = 18 + 13. Suppose 2*f + d - 39 = 0, 3*d - q + 84 = 4*f. What is the units digit of f?
7
Suppose 0 = 2*u - 3*u + 136. What is the hundreds digit of u?
1
Let w = -4 - -6. Let g(f) = 0 + 12*f**w - 2 + 5 - 2. What is the units digit of g(-1)?
3
Suppose z = -z, -z - 230 = -5*l. What is the units digit of l?
6
Let o be -2 + 3 - (0 + 3). Let m = 5 + o. What is the units digit of m?
3
Suppose -d - 4*d + 190 = 0. What is the units digit of d?
8
Let m(c) = 5 - 6 - 1 + c + 2*c + 4*c**3 - 3*c**2. What is the units digit of m(2)?
4
Let c = 56 + -28. What is the tens digit of c?
2
Suppose q + 10*q - 231 = 0. What is the units digit of q?
1
Let u(i) = 28*i - 22. What is the hundreds digit of u(10)?
2
What is the tens digit of (-35)/(-2)*(-28)/(-10)?
4
Suppose 3*l + x - 80 = 0, -2*l - 120 = -6*l - 4*x. What is the units digit of l?
5
Let w = 26 + -6. Suppose 127 = -4*l + 47. What is the units digit of 24/l*w/(-6)?
4
Suppose 12 = 3*o + o. Suppose -3*m = 3*q + o, m - 3*q + 0 = 15. Suppose 0 = -m*u + 4*u - 6. What is the units digit of u?
6
Let m(b) = -b**2 + b + 113. What is the tens digit of m(0)?
1
Suppose -4 = -2*u - 2*u. Let v = 1 + u. What is the units digit of v?
2
Suppose 20 = -5*l, u + 7*l - 4*l + 28 = 0. Let q = -9 - u. What is the units digit of q?
7
Let t be -133 - (-2 - (3 + -4)). What is the tens digit of (t/(-8))/((-6)/(-8))?
2
Let m = 5 + -8. What is the units digit of 12/3*m/(-3)?
4
Suppose 0 = 5*s - x - 591, -2*x + 5*x - 12 = 0. What is the units digit of s?
9
Suppose -5*x = -34 + 9, -2*q + 4*x - 16 = 0. Suppose q*y = 22 - 8. What is the units digit of y?
7
Let f be 2/7 + (-222)/(-7). Let z = -9 + f. What is the units digit of z?
3
Let l(x) be the second derivative of x**5/20 + 2*x**4/3 - 3*x**3/2 + 6*x**2 + x. What is the tens digit of l(-9)?
1
What is the units digit of 1025/10*((-6 - -4) + 4)?
5
Let m(t) = -t. Let o be m(-5). Suppose 2*i + 4*p = -0*p, -4*i = -o*p - 13. What is the units digit of i?
2
Let s be (4/(-1))/(-2) - 0. Suppose 4 + s = k. Suppose -t + k = -5. What is the tens digit of t?
1
Let x be 0*((-6)/(-4))/(-3). Suppose -5*l + 1 = -3*p - 3, -5*l = -25. Let j = p + x. What is the units digit of j?
7
Suppose 4*k + 15 = 3*p - 2*p, 2*k = -3*p + 115. What is the units digit of p?
5
Let a(h) = 2*h**2 + 11*h - 19. What is the tens digit of a(-9)?
4
Let a = 10 + -4. Suppose 3*y - 24 = -a. What is the units digit of y?
6
Let s(z) = z + 4. Let f be s(0). Suppose -1 = 2*y + 2*p + 3, p = 2*y - 11. Let u = f - y. What is the units digit of u?
1
Let s = 1 + -1. Suppose -2*h - 4 + 2 = s. What is the units digit of (-4 - h)/(0 + -1)?
3
Suppose -3*z + 8 = -2*z - 4*k, 4*k = 5*z - 24. Suppose -z = h - 15. What is the tens digit of h?
1
Let t(u) = 2*u - 5. Let n be (-50)/(-8) + (-4)/16. What is the units digit of t(n)?
7
Let t = 11 - 3. What is the units digit of 23 - (-2)/t*-4?
2
Let m = 33 + -23. Suppose -m = -3*a + 5. Suppose 0*t + a*t = 55. What is the units digit of t?
1
What is the units digit of (-266)/4*(-2 - 0)?
3
What is the units digit of 7 + (-1364)/(-14) + (-4)/(-7)?
5
Suppose 2*m + 4*h + 51 = -3, 2*m = 4*h - 22. Let s = 33 + m. Suppose -j = -4, 3*f + 0*j = -2*j + s. What is the units digit of f?
2
Suppose o - 2*o + 5 = 0. Suppose -o*m + 3 = 4*n - 0, 0 = -2*n + 5*m + 9. What is the units digit of 1*(4 + -1)*n?
6
Let h = -7 + 22. Let f be (-9)/(h/(-6) + 1). Suppose 5*d - f = 9. What is the units digit of d?
3
Let l be 36/10 - (-3)/(-5). Suppose u = -4*h, h - u + 1 = -4. Let a = h + l. What is the units digit of a?
2
Let p(k) = k**3 - 5*k**2 + 3*k + 4. Let o be p(4). Let j(g) = g + 2. Let w be j(o). Let a = w - -3. What is the units digit of a?
5
Suppose 0 = 2*s + 27 + 19. Let w = -3 - s. What is the tens digit of w?
2
Let a(l) = 2 + l + 2*l - 2*l. Let w be a(3). Let i = w - 1. What is the units digit of i?
4
Let n(l) = 4*l**2 + 2*l - 5. Let s be n(4). Let t = -38 + s. What is the tens digit of t?
2
Let r be ((-12)/18)/(2/(-9)). Suppose -5*q = 4*x - 21, -3*x + 0*q + q = -30. Suppose -r*z + 24 = -x. What is the tens digit of z?
1
Let s be (-24)/10*(-30)/(-4). Let n = 4 - s. What is the tens digit of n?
2
Let k(h) = 3*h - 1. Let j(c) = c**3 + 2*c**2 + c + 2. Let u be j(-2). Suppose -7*a + 2*a + 15 = u. What is the units digit of k(a)?
8
Let z = 11 - 7. Suppose 41 = 4*w + 3*v - z*v, 0 = w + 3*v - 7. Suppose 2*h = -c + w + 7, 3*c - 23 = h. What is the units digit of c?
9
Let r = -222 - -311. What is the tens digit of r?
8
Let s = 114 - -52. What is the tens digit of s?
6
Let n(x) = 2 - 2*x + 12 + 3*x. Let i = 10 - 17. What is the units digit of n(i)?
7
Let o(d) = 32*d - 1. Let v be o(1). Let b = v - 21. What is the tens digit of b?
1
What is the units digit of (83/249)/((-1)/(-219) + 0)?
3
Suppose -3*c = -2*c + 3*r - 140, -3*r + 6 = 0. What is the units digit of c?
4
Let p(y) = y**2 - 9*y + 10. Let h be p(7). Let m = 4 + h. Suppose m*a - 9 = -a. What is the units digit of a?
9
What is the tens digit of 358/2 - 10/10?
7
Let j be 9/(-3) - -1*3. Suppose 4*n + 6 - 74 = j. What is the units digit of n?
7
Suppose 22 + 6 = 2*d + 4*n, -3*d + 3*n + 33 = 0. What is the units digit of d?
2
Let h be 20/(-6)*(-12)/8. Let y = 5 + h. Let p = y + 5. What is the units digit of p?
5
Suppose -w + 0*w = 3*m - 121, -5*m = -2*w + 187. Let p = -61 + w. What is the tens digit of p?
4
Suppose 3*d = 2*m - 33, 2*m = -2*m - 5*d + 11. Suppose -3*h - 15 = 3*c, -4*c - c - h = m. Let u(f) = -9*f - 1. What is the units digit of u(c)?
8
Suppose -4*c + c - 24 = 0. Let q = 39 + c. What is the units digit of q?
1
Suppose -31*c - 544 = -35*c. What is the hundreds digit of c?
1
Let u(n) = -4*n + 20. What is the tens digit of u(-6)?
4
What is the units digit of (24/(-32))/((-2)/64)?
4
Suppose 0*o + 255 = -5*o. Let f = -1 - o. What is the tens digit of f?
5
Suppose -5*v - 4 = -9. What is the tens digit of (v*13)/(0 + 1)?
1
Let y = 11 - 7. Suppose -5*c = 5*z - 10, -y = -3*z - 2*c - 0. Suppose 32 = 4*i - z. What is the units digit of i?
8
Let l(p) = -p**2 + 2*p - 3. Let n be l(3). Let f be (-45)/n*(-8)/(-10). Let v = f - 4. What is the units digit of v?
2
Let k(p) = -p**2 + 10*p - 8. Let w(x) = -2*x. Let b be w(-3). Let l be k(b). What is the units digit of ((-27)/12)/((-3)/l)?
2
Suppose -2*w - 142 = -4*w. What is the units digit of w?
1
Let q = 16 + -22. Let z = 9 + q. Suppose 0 = -c - z*c + 16. What is the units digit of c?
4
Let b be 4/(-2)*6/4. Let y = b + 8. What is the units digit of y?
5
Let w(v) = -3 + v**2 + 0*v**2 + 9*v - 2*v**2. Let a be w(8). Suppose 4*b + 4 = -2*q, 3*q + a*b + 1 = -0*b. What is the units digit of q?
8
Let h(b) = b - 1. Let w be h(2). Let x be (1 + w - -1) + 0. Suppose 9 = x*d - 0*d. What is the units digit of d?
3
Let a = -8 - -13. Suppose a*d = 96 - 36. Suppose 2*w - 26 = d. What is the tens digit of w?
1
Let f = -67 - -111. Suppose 2*p + 2*b - f = 0, -5*b + 28 = p - 14. What is the units digit of p?
7
Suppose -2*o = g - 9, 3*o - 14 = -g - 2. Suppose 3*j = -0*j - o. What is the units digit of (-2)/j - -9*1?
1
Let j(b) = -b**3 - 8*b**2 + 13*b + 15. What is the units digit of j(-10)?
5
Let q(b) = b**2 - 17*b - 2. What is the units digit of q(-7)?
6
Suppose -2*q - 5 = -7*q - 5*x, 0 = -3*x. Let t(c) = 4*c**3 - c + 1. Let m be t(q). Suppose 0 = 5*b - 3*b - m. What is the units digit of b?
2
Let m(i) = -2*i + 65. What is the units digit of m(8)?
9
Let l be 4/((-3)/78*-2). Suppose 0 = -5*h + l + 3. What is the tens digit of h?
1
Let f(a) = a**2 + a. Let c = -24 - -19. What is the tens digit of f(c)?
2
Suppose 7*l = 9*l + 4. What is the units digit of (3 + l + 0)/1?
1
Suppose 3*r - 5 = m, 2*r - 4 + 0 = m. Let v(x) be the third derivative of 7*x**4/24 - x**2. What is the units digit of v(r)?
7
What is the units digit of 15/(-5)*(2 + -19)?
1
Let v(b) = 3*b - 15. What is the tens digit of v(11)?
1
What is the tens digit of 63 + ((-5)/(-5) - -2)?
6
Suppose -4*r = -2*r - m - 448, m + 2 = 0. What is the units digit of r?
3
What is the units digit of 30/(-4)*48/(-18)?
0
Let o(r) = 4*r + 15. What is the tens digit of o(19)?
9
Let c